the tens digit of s?
7
What is the tens digit of -867*(-8)/12 - (-15)/(-3)?
7
Suppose -8*z + 21 = -179. Let u = z - 2. What is the tens digit of u?
2
Suppose 18*k = 21*k - 6. Suppose 0 = -k*b + 9*b - 217. What is the tens digit of b?
3
Suppose -24*c = -23*c - 27. Let n = 24 + c. What is the tens digit of n?
5
Suppose 4*g + 25 - 21 = 0, 6*g - 9218 = -2*j. What is the units digit of j?
2
Suppose -5*a = x - 9242, 14*a - 5*x = 15*a - 1834. What is the units digit of a?
9
Let j(l) = 3*l**2 - 12*l - 23. Let g be j(12). Suppose 27*a + g = 32*a. What is the units digit of a?
3
What is the hundreds digit of 27352/18 + (-7)/(-189)*12?
5
Suppose 3*n = x - 322, n - 20 = 5*n. What is the hundreds digit of x?
3
Let c be (-1)/2*(-36 + 4). Suppose -c = u - 2*u. Let k = u - -4. What is the tens digit of k?
2
Let z(b) = b + 2. Let h be z(2). Suppose -216 = -h*c + 8*c. What is the units digit of c/((4 + -5)/1)?
4
Suppose 5*h = -694 + 3949. What is the units digit of h?
1
Suppose 4*o + k + 310 = -3, 3*o - 5*k = -229. Let l = o - -126. What is the tens digit of l?
4
Let z(t) = t**2 + 15*t + 7. Let w be z(-14). Let o be (-2 - w)*(-6)/(-5). Suppose -3*h - 45 = -o*h. What is the tens digit of h?
1
Let q be ((-57)/(-19))/((-3)/(-4)). Let y = -441 - -730. Suppose q*n - 3*v = y, 4*n - 341 = -n - 3*v. What is the units digit of n?
0
Suppose 3*y - 3354 = -i, 10*y - 11*y = -5*i - 1118. What is the thousands digit of y?
1
Let r = 685 - 357. What is the units digit of r?
8
Suppose 0 = -12*k + 19*k - 777. What is the units digit of k?
1
Suppose -23*z + 77*z = 114912. What is the units digit of z?
8
Let n = -80 - -240. What is the tens digit of n?
6
What is the hundreds digit of ((-76)/(-7))/(8/112)?
1
Suppose 0 = -f + r - 7 - 1, 3*r = -3*f - 18. Let x be (-49)/(-2) - (-3)/(-6). Let s = x + f. What is the units digit of s?
7
Let n(k) = -k**2 - 3*k. Let v be n(-2). Suppose -75 = -2*q + v*p + 89, 3*q - p - 236 = 0. Suppose 3*j - 25 - q = 0. What is the units digit of j?
4
What is the thousands digit of 60/(-75) + 79856/20?
3
Let g = -51 - -47. Let v(w) = -22*w + 12. What is the hundreds digit of v(g)?
1
Let g(v) = 3*v**2 - 5*v - 7. Let t be g(9). Suppose -4*f - 4*r + t = -361, 0 = 2*f + 3*r - 280. Let p = 198 - f. What is the tens digit of p?
6
Let z(o) = 97*o**2 + 7*o - 2. What is the hundreds digit of z(4)?
5
Let w = -931 - -2251. What is the tens digit of w?
2
Let m(c) = -2*c - 2*c**3 + 10*c**2 + 2*c**3 + 9*c - c**3 - 8. What is the tens digit of m(10)?
6
Let n(v) = 81*v + 53. What is the units digit of n(12)?
5
Let z = -1110 - -3069. What is the thousands digit of z?
1
Let w(n) = n**3 - 10*n**2 - 13*n + 9. Let a be w(11). Let g = a + 7. What is the units digit of 3/(g/(-4) - 0)?
2
Let i = 80 - -241. What is the units digit of i?
1
Suppose 129*v - 50820 = 108*v. What is the tens digit of v?
2
Suppose 0 = -18*n + 31*n - 12584. What is the hundreds digit of n?
9
What is the hundreds digit of ((-1729)/76)/(2/(-56))?
6
Let t = 1534 + -724. What is the units digit of t?
0
Let m be (-1)/(-6) + (-25)/150. Suppose -4*d - 725 = -9*d - 5*z, 2*d + 5*z - 290 = m. What is the hundreds digit of d?
1
Suppose 30 = -c - t, -3*t + 180 = -5*c - 2*t. What is the units digit of ((-4)/(-10))/((-1)/c)?
4
Suppose -i - 6776 = -8*i. Suppose -12*c + i = -c. What is the tens digit of c?
8
What is the tens digit of -1306*((-9)/4 - (-14)/8)?
5
Let y = -11 - -15. Suppose -2*v = a + a - 22, y*v - 3*a - 9 = 0. What is the units digit of v?
6
Suppose -3*q - 5*b + 85 = 0, 4*q = -0*q + b + 75. What is the units digit of (1*45/q)/(2/8)?
9
Suppose b - 23 = -1. Let j = 11 - b. Let o = j + 15. What is the units digit of o?
4
Let m(k) be the second derivative of -k**5/10 + k**4/12 + k**3/2 + 71*k**2 - 36*k. What is the tens digit of m(0)?
4
Suppose 1265 = 5*m - 2375. Suppose 5*z - m + 118 = 0. What is the hundreds digit of z?
1
Suppose 23*f - 21*f = 12. What is the tens digit of (2/(-2))/(f/(-324))?
5
Let l(j) be the second derivative of j**3/2 - 3*j**2 + 3*j. Let m be l(6). Suppose 3*z + 0*z = m. What is the units digit of z?
4
Let d be 4/(-14) + 126/98. Suppose -b - d - 9 = -3*q, -b + 20 = 3*q. Suppose -v = q*w - 17 + 3, 2*v - 58 = 5*w. What is the tens digit of v?
2
Suppose 5*r = -4*r + 1215. Suppose -2*k = 2*y - 60, 0 = 3*k + k - y - r. What is the tens digit of k?
3
Let x be 80/6*(-30)/25. Suppose -8*h = -9*h - 40. Let p = x - h. What is the units digit of p?
4
Let f = -7 + 15. Suppose 2 = -2*d + f. Suppose 8 + 16 = d*c. What is the units digit of c?
8
Let v be 4 + (-1 - -266 - -3). Suppose 3*a - 184 = k + 245, -2*a - 4*k = -v. What is the tens digit of a?
4
Let l = 581 + 146. What is the tens digit of l?
2
Let p(v) = 5*v - 3*v + 21 - v**2 + 16*v**2 + v**3 + 9*v. What is the units digit of p(-14)?
3
Let b = -271 - -136. What is the units digit of ((-24)/5)/(6/b)?
8
Suppose -b - 53 + 293 = 0. Let f be ((-2)/(-6))/(10/b). Let l(m) = -m + 27. What is the tens digit of l(f)?
1
Suppose -272 = -4*z + 2*a, -z + 4 = a - 61. Let u = -6 + z. Suppose -10 = c - u. What is the tens digit of c?
5
Let c = -9 - 0. Let k = c - -13. Suppose 0 = a - k. What is the units digit of a?
4
Let k = 107 - -33. What is the hundreds digit of k?
1
Let s(w) = -9*w + 2. Let n be s(4). Let p = -182 + 165. Let b = p - n. What is the units digit of b?
7
Suppose 2*g + j - 3 = 31, 51 = 3*g + 3*j. Let n = 53 + g. What is the units digit of n?
0
Suppose 52*v + 18 = 51*v. Suppose 4*s = 5*y - 2*y + 144, 101 = 3*s - 4*y. Let h = v + s. What is the tens digit of h?
2
Let p = -217 + 236. What is the units digit of p?
9
Let c = -2395 - -3572. What is the thousands digit of c?
1
Let a = 4 + -22. Let i be a/(-4)*104/6. Suppose -i = -3*r - 3*t, 5*t = -r - 0*r + 14. What is the units digit of r?
9
Suppose 0 = -62*g + 57*g - 15. What is the tens digit of (((-2)/g)/1)/((-12)/(-846))?
4
Suppose 447*j - 471*j = -86640. What is the hundreds digit of j?
6
Suppose 266 = 3*v - 4*p, -v - 3*p + 76 = 2*p. Suppose 0 = -2*y - 3*j + 6*j + v, -4*y - 4*j = -192. What is the units digit of y?
6
Let j = 13 + -9. Suppose -2*g + 2*z = -20, 2*z = j*g - 26 - 4. Suppose -g*s + 3*u = -10, -5 = -0*s + 3*s - 4*u. What is the units digit of s?
5
Let w(n) be the third derivative of n**5/10 + n**4/6 + n**3/3 - n**2. Suppose 0 = -76*x + 72*x - 8. What is the tens digit of w(x)?
1
Let s = 20 + -30. Let v be (-4)/14 - (-219)/7. Let z = s + v. What is the tens digit of z?
2
Suppose 0 = -4*f - i - 2*i + 264, 5*f = -5*i + 335. Let z be 2/(-9) + 14/f. Suppose 2*y + z*y = 5*m - 189, -3*m + 123 = 2*y. What is the units digit of m?
9
Let s = -1117 + 1921. What is the tens digit of s?
0
Let l(r) = -2*r**3 + 3*r**2 + 2*r - 2. Let n be 6/33 + 315/(-99). What is the tens digit of l(n)?
7
Let k be (-2)/(-3) - 48/18. What is the tens digit of (0 - k) + 158 - 2?
5
Let y(k) = -3*k**2 + 24*k - 58. Let h be y(9). Let s(d) = -2*d**2 + 4*d - 2. Let p be s(6). Let j = p - h. What is the units digit of j?
5
Let r(p) = -243*p - 213. What is the hundreds digit of r(-3)?
5
Let z = 243 - 237. Let t be 3*1/(-3)*-4. What is the tens digit of (z/(-9))/(t/(-174))?
2
Suppose 5*q + z = 6*z + 1255, 3*q - 2*z - 755 = 0. What is the hundreds digit of q?
2
Let v = 334 - 237. Let x = 22 - v. What is the units digit of 3/7 - x/21?
4
Let y(v) = -84*v + 2943. What is the tens digit of y(0)?
4
Let p(x) = -x**3 - 7*x**2 + 10*x - 3. Suppose 2*z + 2*z - 4*j + 16 = 0, -z - j = 14. What is the tens digit of p(z)?
6
Let l(h) = -h**3 + 16*h**2 - h + 1. What is the hundreds digit of l(10)?
5
Suppose 0 = 5*v + 3*a - 396, -5*v + 0*a + 400 = 5*a. Suppose 0 = 2*z + 24 - v. What is the tens digit of z?
2
Let h be ((-24)/10)/((-2)/5). Suppose 9*i - 198 = h*i. What is the tens digit of i?
6
Suppose -g + 3*g = -14. What is the hundreds digit of (-5 + 2 + g)*14*-1?
1
Let o = 740 + -173. What is the tens digit of o?
6
Let x(l) = -128*l - 636. What is the tens digit of x(-30)?
0
Suppose 2*g + 2025 = 7*g. Let s = -196 + g. What is the tens digit of s?
0
Let y be (0/1)/3 + -9. Let h be y/(-2) - (-4)/8. Suppose -m + 4*m - h*n - 6 = 0, 5*m - 20 = 5*n. What is the units digit of m?
7
Let q(y) be the third derivative of y**5/15 - y**3/2 + 2*y**2. Suppose 18 - 12 = 2*b. What is the tens digit of q(b)?
3
Let k(c) be the second derivative of -c**5/10 +